 4) to base 12.
-25a9a
Convert -205 (base 15) to base 4.
-13013
Convert 1107 (base 8) to base 4.
21013
-41431 (base 7) to base 8
-23665
What is -96 (base 16) in base 11?
-127
Convert -1c90 (base 13) to base 16.
-10f6
-2c8 (base 16) to base 6
-3144
Convert 21325 (base 9) to base 6.
145205
What is -43042 (base 5) in base 8?
-5521
What is 41162 (base 7) in base 14?
3932
Convert -2312 (base 4) to base 15.
-c2
What is 102212 (base 3) in base 5?
2240
Convert -12295 (base 11) to base 2.
-100010011110001
1554 (base 6) to base 15
1da
What is -2345 (base 8) in base 15?
-588
Convert 730a (base 12) to base 3.
122012101
-1001111100001 (base 2) to base 3
-20222111
What is -23613 (base 7) in base 14?
-2343
-11557 (base 9) to base 7
-31405
21862 (base 9) to base 10
14555
-110100111100011 (base 2) to base 9
-41158
What is -2510 (base 7) in base 16?
-3aa
-8233 (base 15) to base 3
-1101201110
5a3 (base 14) to base 12
797
c09c (base 14) to base 6
413030
Convert -75 (base 10) to base 9.
-83
What is -2120 (base 8) in base 11?
-914
122220 (base 3) to base 2
111100011
Convert 1121332 (base 4) to base 16.
167e
Convert -60304 (base 8) to base 9.
-36874
-6040 (base 7) to base 4
-200212
Convert -357 (base 11) to base 4.
-12221
Convert -561 (base 12) to base 10.
-793
2c35 (base 15) to base 6
111552
-8865 (base 13) to base 8
-45103
What is -511 (base 9) in base 5?
-3130
What is 2347 (base 8) in base 3?
1201111
Convert 2400 (base 6) to base 12.
400
36ba0 (base 12) to base 8
221050
Convert 21111001 (base 3) to base 13.
2638
-1011110010011001 (base 2) to base 14
-13849
733a (base 12) to base 7
51442
Convert -555 (base 13) to base 2.
-1110010011
5d5 (base 16) to base 3
2001022
What is -593a (base 16) in base 12?
-11276
What is -10915 (base 11) in base 4?
-3312002
What is 1503 (base 8) in base 7?
2302
What is 25 (base 10) in base 12?
21
10211000 (base 3) to base 8
5335
-445424 (base 6) to base 4
-21022120
What is 246b7 (base 12) in base 3?
2111202011
What is -22700 (base 10) in base 8?
-54254
Convert -13135 (base 7) to base 16.
-db1
-21101313 (base 4) to base 6
-451543
Convert -74fd (base 16) to base 11.
-20557
Convert 5180 (base 9) to base 14.
1554
What is -13150 (base 6) in base 7?
-5601
-5747 (base 9) to base 6
-31411
Convert -151244 (base 7) to base 4.
-13021211
Convert 306 (base 16) to base 7.
2154
Convert 1334003 (base 6) to base 8.
221763
What is 3024 (base 6) in base 12?
474
What is 377a (base 11) in base 14?
1b1d
What is -1004404 (base 5) in base 9?
-24232
131243 (base 7) to base 4
11332202
Convert -797 (base 13) to base 2.
-10100011011
Convert -10415 (base 9) to base 16.
-1af3
Convert -a78 (base 12) to base 10.
-1532
Convert -2220022 (base 3) to base 9.
-2808
985 (base 12) to base 9
1822
What is 174 (base 14) in base 4?
10222
What is -2649 (base 15) in base 14?
-2d97
Convert 6569 (base 12) to base 3.
120022200
Convert 1535 (base 7) to base 10.
614
-7a (base 15) to base 7
-223
What is -5102 (base 6) in base 10?
-1118
Convert 10101001 (base 2) to base 8.
251
Convert -42010 (base 5) to base 4.
-223003
Convert 133011 (base 4) to base 16.
7c5
Convert 2301301 (base 4) to base 9.
16541
Convert -45224 (base 6) to base 10.
-6352
Convert 1222100 (base 5) to base 4.
11231220
What is -212201 (base 3) in base 13?
-3a3
Convert -2122303 (base 4) to base 11.
-7497
What is 12c8 (base 14) in base 16?
cf0
Convert 43333 (base 8) to base 16.
46db
-10658 (base 12) to base 2
-101010010100100
Convert -24a (base 13) to base 6.
-1504
161a (base 11) to base 5
31303
-1691 (base 12) to base 8
-5215
What is -5420 (base 8) in base 5?
-42312
613 (base 10) to base 13
382
Convert -223201 (base 4) to base 6.
-20521
What is 732 (base 8) in base 14?
25c
Convert 1101000000010 (base 2) to base 12.
3a2a
1210200 (base 3) to base 13
7a1
200110 (base 3) to base 9
613
2bdb (base 15) to base 8
22327
3234 (base 5) to base 4
12330
What is -142113 (base 5) in base 3?
-22002211
What is 1116 (base 9) in base 7?
2256
2114030 (base 5) to base 2
1000101010111011
-32230 (base 4) to base 8
-1654
What is 1068 (base 11) in base 2?
10101111101
What is -14445 (base 6) in base 2?
-100100011101
-330100 (base 5) to base 10
-11275
Convert -122 (base 7) to base 3.
-2102
What is 33510 (base 8) in base 9?
21364
What is -2143 (base 12) in base 4?
-321003
What is 24504 (base 12) in base 13?
19477
2661 (base 7) to base 4
33333
Convert 20111021 (base 3) to base 7.
16540
110140 (base 5) to base 2
111011010011
What is 55b6 (base 15) in base 13?
836a
What is -2424 (base 6) in base 12?
-414
-4230 (base 6) to base 14
-4c2
142326 (base 7) to base 13
c543
What is 165 (base 16) in base 6?
1353
What is 121351 (base 8) in base 5?
2313310
What is 10036 (base 7) in base 11?
1908
Convert -676 (base 9) to base 13.
-339
-110223 (base 4) to base 2
-10100101011
What is 1022 (base 3) in base 10?
35
What is 4212 (base 8) in base 10?
2186
Convert 3242 (base 8) to base 15.
783
Convert -2162 (base 15) to base 2.
-1101110011011
Convert b45 (base 12) to base 14.
84d
35c (base 16) to base 15
3c5
Convert -146231 (base 7) to base 8.
-67655
What is 172735 (base 8) in base 2?
1111010111011101
What is -877 (base 12) in base 15?
-57d
Convert -1111011110001100 (base 2) to base 9.
-105833
-718 (base 13) to base 3
-1122121
Convert 505 (base 11) to base 6.
2454
-213222 (base 4) to base 3
-10111000
-32211 (base 4) to base 13
-56a
What is -540 (base 12) in base 2?
-1100000000
What is 100100101 (base 2) in base 4?
10211
What is -1558 (base 10) in base 5?
-22213
What is 2059 (base 13) in base 16?
1174
Convert -443132 (base 5) to base 8.
-36071
-20454 (base 9) to base 16
-34b7
What is -106c (base 13) in base 11?
-179a
Convert -180 (base 9) to base 16.
-99
What is 331 (base 4) in base 7?
115
Convert 251 (base 10) to base 16.
fb
Convert -13b1 (base 13) to base 8.
-5440
1455 (base 9) to base 8
2117
What is -130033 (base 4) in base 5?
-24212
Convert 8845 (base 9) to base 10.
6521
Convert -140424 (base 5) to base 16.
-166b
13053 (base 6) to base 7
5523
23 (base 16) to base 5
120
Convert 14689 (base 10) to base 2.
11100101100001
What is -1b2a (base 12) in base 7?
-12520
Convert -1121112 (base 3) to base 9.
-1545
-33c2 (base 13) to base 9
-10852
What is 79 (base 16) in base 5?
441
-1656 (base 10) to base 12
-b60
Convert 212a (base 13) to base 8.
10767
Convert 2211 (base 15) to base 7.
30016
Convert -13363 (base 9) to base 15.
-2a33
Convert -888 (base 13) to base 3.
-2000020
What is -c1 (base 14) in base 15?
-b4
What is 505 (base 12) in base 15?
335
200203 (base 4) to base 7
6034
Convert d8 (base 16) to base 10.
216
What is -210000120 (base 3) in base 15?
-4819
Convert 124 (base 6) to base 5.
202
What is 210223 (base 7) in base 13?
135a3
-867 (base 10) to base 15
-3cc
What is 28763 (base 9) in base 15?
5c03
What is -420430 (base 6) in base 3?
-1201110000
4d3 (base 14) to base 13
597
What is -242 (base 14) in base 4?
-13002
-3205 (base 6) to base 16
-2d5
-1067 (base 9) to base 16
-316
What is 140414 (base 8) in base 11?
34148
What is 303221 (base 4) in base 8?
6351
Convert -1000010010110101 (base 2) to base 4.
-20102311
What is 211012010 (base 3) in base 2?
11111100110000
68e (base 16) to base 2
11010001110
-530 (base 13) to base 2
-1101110100
-c85 (base 13) to base 4
-201121
101111010 (base 2) to base 14
1d0
What is -51042 (base 8) in base 9?
-31752
What is 5531 (base 7) in base 12?
1192
-1251 (base 6) to base 3
-102211
220522 (base 6) to base 3
221011012
10010001 (base 2) to base 3
12101
-1011001100 (base 2) to base 10
-716
Convert 5495 (base 12) to base 6.
111105
What is -32 (base 11) in base 9?
-38
-121212002 (base 3) to base 10
-12287
Convert 14243 (base 5) to base 9.
1571
-2402 (base 6) to base 14
-2d4
866 (base 9) to base 4
23010
265 (base 12) to base 5
2430
What is -110 (base 14) in base 16?
-d2
What is 1833 (base 10) in base 5?
24313
Convert -1042154 (base 6) to base 9.
-78717
Convert -12202020 (base 3) to base 4.
-1001133
1332 (base 13) to base 5
41440
-4124 (base 7) to base 2
-10110011111
Convert -100100001 (base 2) to base 8.
-441
What is -31215 (base 6) in base 11?
-3167
Convert -100101000111011 (base 2) to base 15.
-596d
What is 5860 (base 9) in base 10?
4347
What is 16622 (base 10) in base 16?
40ee
What is -26144 (base 7) in base 5?
-210231
653 (base 8) to base 6
1